{"id":3876,"date":"2020-05-07T11:46:22","date_gmt":"2020-05-07T09:46:22","guid":{"rendered":"http:\/\/decodomo.com.pl\/?page_id=3876"},"modified":"2026-04-24T12:45:57","modified_gmt":"2026-04-24T10:45:57","slug":"usluga-projektowa","status":"publish","type":"page","link":"http:\/\/decodomo.com.pl\/index.php\/usluga-projektowa\/","title":{"rendered":"us\u0142uga projektowa"},"content":{"rendered":"<section class=\"l-section wpb_row height_auto\"><div class=\"l-section-h i-cf\"><div class=\"g-cols vc_row via_flex valign_top type_default stacking_default\"><div class=\"vc_col-sm-12 wpb_column vc_column_container\"><div class=\"vc_column-inner\"><div class=\"wpb_wrapper\">\n\t\t\t<!-- START Slider 1 REVOLUTION SLIDER 6.6.9 --><p class=\"rs-p-wp-fix\"><\/p>\n\t\t\t<rs-module-wrap id=\"rev_slider_1_1_wrapper\" data-source=\"gallery\" style=\"visibility:hidden;background:transparent;padding:0;margin:0px auto;margin-top:0;margin-bottom:0;\">\n\t\t\t\t<rs-module id=\"rev_slider_1_1\" style=\"\" data-version=\"6.6.9\">\n\t\t\t\t\t<rs-slides style=\"overflow: hidden; position: absolute;\">\n\t\t\t\t\t\t<rs-slide style=\"position: absolute;\" data-key=\"rs-1\" data-title=\"Slide\" data-thumb=\"\/\/decodomo.com.pl\/wp-content\/uploads\/2022\/05\/\u017b1-1-50x100.jpg\" data-anim=\"ms:1000;r:0;\" data-in=\"o:0;\" data-out=\"a:false;\">\n\t\t\t\t\t\t\t<img src=\"\/\/decodomo.com.pl\/wp-content\/plugins\/revslider\/public\/assets\/assets\/dummy.png\" alt=\"\" title=\"\u017b1\" width=\"3840\" height=\"2160\" class=\"rev-slidebg tp-rs-img rs-lazyload\" data-lazyload=\"\/\/decodomo.com.pl\/wp-content\/uploads\/2022\/05\/\u017b1-1.jpg\" data-bg=\"p:10% 70%;\" data-no-retina>\n<!---->\t\t\t\t\t\t<\/rs-slide>\n\t\t\t\t\t\t<rs-slide style=\"position: absolute;\" data-key=\"rs-11\" data-title=\"Slide\" data-thumb=\"\/\/decodomo.com.pl\/wp-content\/uploads\/2022\/05\/M_1-1-50x100.jpg\" data-anim=\"ms:1000;r:0;\" data-in=\"o:0;\" data-out=\"a:false;\">\n\t\t\t\t\t\t\t<img src=\"\/\/decodomo.com.pl\/wp-content\/plugins\/revslider\/public\/assets\/assets\/dummy.png\" alt=\"\" title=\"M_1\" width=\"3840\" height=\"2160\" class=\"rev-slidebg tp-rs-img rs-lazyload\" data-lazyload=\"\/\/decodomo.com.pl\/wp-content\/uploads\/2022\/05\/M_1-1.jpg\" data-bg=\"p:0% 90%;\" data-no-retina>\n<!---->\t\t\t\t\t\t<\/rs-slide>\n\t\t\t\t\t\t<rs-slide style=\"position: absolute;\" data-key=\"rs-12\" data-title=\"Slide\" data-thumb=\"\/\/decodomo.com.pl\/wp-content\/uploads\/2022\/05\/5-2-50x100.jpg\" data-anim=\"ms:1000;r:0;\" data-in=\"o:0;\" data-out=\"a:false;\">\n\t\t\t\t\t\t\t<img src=\"\/\/decodomo.com.pl\/wp-content\/plugins\/revslider\/public\/assets\/assets\/dummy.png\" alt=\"\" title=\"5\" width=\"3840\" height=\"2160\" class=\"rev-slidebg tp-rs-img rs-lazyload\" data-lazyload=\"\/\/decodomo.com.pl\/wp-content\/uploads\/2022\/05\/5-2.jpg\" data-bg=\"p:0% 50%;\" data-no-retina>\n<!---->\t\t\t\t\t\t<\/rs-slide>\n\t\t\t\t\t\t<rs-slide style=\"position: absolute;\" data-key=\"rs-13\" data-title=\"Slide\" data-anim=\"adpr:false;\">\n\t\t\t\t\t\t\t<img src=\"\/\/decodomo.com.pl\/wp-content\/plugins\/revslider\/public\/assets\/assets\/dummy.png\" alt=\"Slide\" title=\"us\u0142uga projektowa\" class=\"rev-slidebg tp-rs-img rs-lazyload\" data-lazyload=\"\/\/decodomo.com.pl\/wp-content\/plugins\/revslider\/public\/assets\/assets\/transparent.png\" data-no-retina>\n<!---->\t\t\t\t\t\t<\/rs-slide>\n\t\t\t\t\t\t<rs-slide style=\"position: absolute;\" data-key=\"rs-14\" data-title=\"Slide\" data-anim=\"adpr:false;\">\n\t\t\t\t\t\t\t<img src=\"\/\/decodomo.com.pl\/wp-content\/plugins\/revslider\/public\/assets\/assets\/dummy.png\" alt=\"Slide\" title=\"us\u0142uga projektowa\" class=\"rev-slidebg tp-rs-img rs-lazyload\" data-lazyload=\"\/\/decodomo.com.pl\/wp-content\/plugins\/revslider\/public\/assets\/assets\/transparent.png\" data-no-retina>\n<!---->\t\t\t\t\t\t<\/rs-slide>\n\t\t\t\t\t<\/rs-slides>\n\t\t\t\t<\/rs-module>\n\t\t\t\t<script>\n\t\t\t\t\tsetREVStartSize({c: 'rev_slider_1_1',rl:[1240,1024,778,480],el:[550],gw:[1240],gh:[550],type:'standard',justify:'',layout:'fullwidth',mh:\"0\"});if (window.RS_MODULES!==undefined && window.RS_MODULES.modules!==undefined && window.RS_MODULES.modules[\"revslider11\"]!==undefined) {window.RS_MODULES.modules[\"revslider11\"].once = false;window.revapi1 = undefined;if (window.RS_MODULES.checkMinimal!==undefined) window.RS_MODULES.checkMinimal()}\n\t\t\t\t<\/script>\n\t\t\t<\/rs-module-wrap>\n\t\t\t<!-- END REVOLUTION SLIDER -->\n<div class=\"w-separator size_medium\"><\/div><div class=\"wpb_text_column\"><div class=\"wpb_wrapper\"><p style=\"text-align: left;\">Funkcjonalny i elastyczny projekt to istotna kwestia. Jest to wst\u0119p do tego, by miejsce, w kt\u00f3rym mieszkasz sta\u0142o si\u0119 Twoj\u0105 wizyt\u00f3wk\u0105. Chcesz, by ka\u017cde pomieszczenie odzwierciedla\u0142o Tw\u00f3j charakter? Skonsultuj si\u0119 z nami! Stworzymy wsp\u00f3lnie koncepcj\u0119, kt\u00f3r\u0105 prze\u0142o\u017cymy na wizualizacj\u0119 i rysunki techniczne. Oferta dotyczy r\u00f3wnie\u017c biur, apartament\u00f3w i gabinet\u00f3w \u2013 jeste\u015bmy kompleksowi. Realizacja Twojego projektu to szansa na spe\u0142nienie marze\u0144.<\/p>\n<p>ZAUFAJ EKSPERTOM!<\/p>\n<\/div><\/div><div class=\"w-slider us_custom_608484c0 style_none fit_scaledown\"><div class=\"w-slider-h\"><div class=\"royalSlider\"><div class=\"rsContent\"><a class=\"rsImg\" data-rsw=\"731\" data-rsh=\"1024\" data-rsBigImg=\"http:\/\/decodomo.com.pl\/wp-content\/uploads\/2026\/04\/1.jpg\" href=\"http:\/\/decodomo.com.pl\/wp-content\/uploads\/2026\/04\/1-731x1024.jpg\"><span data-alt=\"\"><\/span><\/a><\/div><div class=\"rsContent\"><a class=\"rsImg\" data-rsw=\"683\" data-rsh=\"1024\" data-rsBigImg=\"http:\/\/decodomo.com.pl\/wp-content\/uploads\/2022\/05\/z2a.jpg\" href=\"http:\/\/decodomo.com.pl\/wp-content\/uploads\/2022\/05\/z2a-683x1024.jpg\"><span data-alt=\"\"><\/span><\/a><\/div><div class=\"rsContent\"><a class=\"rsImg\" data-rsw=\"1024\" data-rsh=\"576\" data-rsBigImg=\"http:\/\/decodomo.com.pl\/wp-content\/uploads\/2022\/05\/N2.jpg\" href=\"http:\/\/decodomo.com.pl\/wp-content\/uploads\/2022\/05\/N2-1024x576.jpg\"><span data-alt=\"\"><\/span><\/a><\/div><div class=\"rsContent\"><a class=\"rsImg\" data-rsw=\"1024\" data-rsh=\"576\" data-rsBigImg=\"http:\/\/decodomo.com.pl\/wp-content\/uploads\/2022\/05\/1a.jpg\" href=\"http:\/\/decodomo.com.pl\/wp-content\/uploads\/2022\/05\/1a-1024x576.jpg\"><span data-alt=\"\"><\/span><\/a><\/div><div class=\"rsContent\"><a class=\"rsImg\" data-rsw=\"1024\" data-rsh=\"576\" data-rsBigImg=\"http:\/\/decodomo.com.pl\/wp-content\/uploads\/2021\/08\/Goli\u0144ski_1.jpg\" href=\"http:\/\/decodomo.com.pl\/wp-content\/uploads\/2021\/08\/Goli\u0144ski_1-1024x576.jpg\"><span data-alt=\"\"><\/span><\/a><\/div><div class=\"rsContent\"><a class=\"rsImg\" data-rsw=\"731\" data-rsh=\"1024\" data-rsBigImg=\"http:\/\/decodomo.com.pl\/wp-content\/uploads\/2021\/08\/1.jpg\" href=\"http:\/\/decodomo.com.pl\/wp-content\/uploads\/2021\/08\/1-731x1024.jpg\"><span data-alt=\"\"><\/span><\/a><\/div><div class=\"rsContent\"><a class=\"rsImg\" data-rsw=\"1024\" data-rsh=\"576\" data-rsBigImg=\"http:\/\/decodomo.com.pl\/wp-content\/uploads\/2021\/01\/Fr\u0105ckowiak_Poddasze_recover_6.jpg\" href=\"http:\/\/decodomo.com.pl\/wp-content\/uploads\/2021\/01\/Fr\u0105ckowiak_Poddasze_recover_6-1024x576.jpg\"><span data-alt=\"\"><\/span><\/a><\/div><div class=\"rsContent\"><a class=\"rsImg\" data-rsw=\"1024\" data-rsh=\"576\" data-rsBigImg=\"http:\/\/decodomo.com.pl\/wp-content\/uploads\/2021\/07\/Makowska_9-01.jpeg\" href=\"http:\/\/decodomo.com.pl\/wp-content\/uploads\/2021\/07\/Makowska_9-01-1024x576.jpeg\"><span data-alt=\"\"><\/span><\/a><\/div><div class=\"rsContent\"><a class=\"rsImg\" data-rsw=\"683\" data-rsh=\"1024\" data-rsBigImg=\"http:\/\/decodomo.com.pl\/wp-content\/uploads\/2021\/09\/\u0141apikocka_bez_zmian_\u015bciany_4_Fotor.jpg\" href=\"http:\/\/decodomo.com.pl\/wp-content\/uploads\/2021\/09\/\u0141apikocka_bez_zmian_\u015bciany_4_Fotor-683x1024.jpg\"><span data-alt=\"\"><\/span><\/a><\/div><\/div><img src=\"http:\/\/decodomo.com.pl\/wp-content\/uploads\/2026\/04\/1-731x1024.jpg\" width=\"731\" height=\"1024\" alt loading=\"lazy\"><\/div><div class=\"w-slider-json\" onclick='return {&quot;loop&quot;:true,&quot;fadeInLoadedSlide&quot;:false,&quot;slidesSpacing&quot;:0,&quot;imageScalePadding&quot;:0,&quot;numImagesToPreload&quot;:2,&quot;arrowsNav&quot;:true,&quot;arrowsNavAutoHide&quot;:false,&quot;transitionType&quot;:&quot;move&quot;,&quot;transitionSpeed&quot;:250,&quot;block&quot;:{&quot;moveEffect&quot;:&quot;none&quot;,&quot;speed&quot;:300},&quot;controlNavigation&quot;:&quot;none&quot;,&quot;fullscreen&quot;:{&quot;enabled&quot;:true},&quot;imageScaleMode&quot;:&quot;fit-if-smaller&quot;,&quot;autoScaleSlider&quot;:true,&quot;autoScaleSliderWidth&quot;:731,&quot;autoScaleSliderHeight&quot;:1024,&quot;fitInViewport&quot;:false}'><\/div><\/div><div class=\"w-separator size_medium\"><\/div><\/div><\/div><\/div><\/div><\/div><\/section>\n","protected":false},"excerpt":{"rendered":"Funkcjonalny i elastyczny projekt to istotna kwestia. Jest to wst\u0119p do tego, by miejsce, w kt\u00f3rym mieszkasz sta\u0142o si\u0119 Twoj\u0105 wizyt\u00f3wk\u0105. Chcesz, by ka\u017cde pomieszczenie odzwierciedla\u0142o Tw\u00f3j charakter? Skonsultuj si\u0119 z nami! Stworzymy wsp\u00f3lnie koncepcj\u0119, kt\u00f3r\u0105 prze\u0142o\u017cymy na wizualizacj\u0119 i rysunki techniczne. Oferta dotyczy r\u00f3wnie\u017c biur, apartament\u00f3w i gabinet\u00f3w \u2013 jeste\u015bmy kompleksowi. Realizacja Twojego projektu...","protected":false},"author":2,"featured_media":0,"parent":0,"menu_order":0,"comment_status":"closed","ping_status":"closed","template":"","meta":[],"_links":{"self":[{"href":"http:\/\/decodomo.com.pl\/index.php\/wp-json\/wp\/v2\/pages\/3876"}],"collection":[{"href":"http:\/\/decodomo.com.pl\/index.php\/wp-json\/wp\/v2\/pages"}],"about":[{"href":"http:\/\/decodomo.com.pl\/index.php\/wp-json\/wp\/v2\/types\/page"}],"author":[{"embeddable":true,"href":"http:\/\/decodomo.com.pl\/index.php\/wp-json\/wp\/v2\/users\/2"}],"replies":[{"embeddable":true,"href":"http:\/\/decodomo.com.pl\/index.php\/wp-json\/wp\/v2\/comments?post=3876"}],"version-history":[{"count":104,"href":"http:\/\/decodomo.com.pl\/index.php\/wp-json\/wp\/v2\/pages\/3876\/revisions"}],"predecessor-version":[{"id":5527,"href":"http:\/\/decodomo.com.pl\/index.php\/wp-json\/wp\/v2\/pages\/3876\/revisions\/5527"}],"wp:attachment":[{"href":"http:\/\/decodomo.com.pl\/index.php\/wp-json\/wp\/v2\/media?parent=3876"}],"curies":[{"name":"wp","href":"https:\/\/api.w.org\/{rel}","templated":true}]}}